= -6 - 220*g**2 - 5*g - g**3 + 203*g**2 - 11*g. Suppose -5*c - 74 = -3*f, 10*c = 9*c + 3*f - 10. Calculate i(c).
-6
Let q(k) = -k**2 + 3*k - 3. Suppose 5*n + 33*y = 37*y - 7, 5*n + 4 = 3*y. Determine q(n).
-1
Let r(h) = -44*h + 9 + 3*h**2 + h**3 + 45*h + 3*h**2 + 5*h**2 + 7. Let t(m) = -m**3 + 5*m**2 + 2*m + 13. Let d be t(6). Determine r(d).
5
Let g(u) be the second derivative of u**4/6 - 4*u**3/3 + 4*u**2 + 3611*u. Determine g(6).
32
Let u(k) = -k**3 + 17*k**2 - 62*k + 295. Let r be u(14). Let w(g) = g**2 - 16*g + 12. Give w(r).
-3
Let r(x) be the second derivative of -x**5/20 + x**4/3 + x**3/2 + 3*x**2 - 8*x. Suppose 64 = s + 7*s. Suppose -4*v = 2*a + 6, -v - v - s = 0. What is r(a)?
-4
Suppose -4*m + 33 = 3*x - 45, -x - 5*m = -48. Let t(a) = -a**2 + 17*a + 44. What is t(x)?
26
Let o(f) be the second derivative of -f**3/3 + 4*f**2 - f - 4. Let q(w) = -w + 1. Let b(g) = -o(g) + 3*q(g). What is b(-11)?
6
Let t(r) = -r**3 + 8*r**2 - 11*r + 6. Let l(v) = 140*v + 146. Let z be l(-1). What is t(z)?
12
Let k(a) = -2*a**2 - 120*a - 1462. Let t be k(-43). Let b(p) = 3*p**2 - p - 9. Give b(t).
-9
Let n be 19 - ((5 - -1) + 6). Let l(g) = -2*g - 5. What is l(n)?
-19
Let v(h) be the second derivative of -h**5/20 + h**4 - 5*h**3/3 + 21*h**2/2 - 5*h - 32. Calculate v(11).
32
Let l(i) be the third derivative of i**4/8 + 5*i**3/6 - 180*i**2. Let a be (-3 - 0) + 0/9. Let v = a - 2. Determine l(v).
-10
Let w(n) = -n**2 + 8*n - 2. Suppose -4*y + 120 = 4*m, -2*m + y + 0*y + 75 = 0. Let f = m - 88. Let l = f - -60. Determine w(l).
5
Let w(o) be the second derivative of 2*o**2 - 3 - 3*o - 1/2*o**3. Determine w(-4).
16
Let b(q) = 5*q**2 - 16*q - 3. Let t be (-6)/(-4)*(4 + 4/(-2)). Let c(f) = 2*f**2 - 8*f - 2. Let x(y) = t*b(y) - 7*c(y). Let n = -43 - -35. Calculate x(n).
5
Let z(x) = -x + 10. Let i(a) = 22*a + a - 7*a + 59 + 32*a - 3*a**2. Let o be i(17). Determine z(o).
2
Let p(n) = 11*n**2 - 20*n - 39. Let f(a) = 15*a**2 - 22*a - 40. Let y(m) = 3*f(m) - 4*p(m). Give y(-6).
-12
Let b(f) = -f**3 + 5*f**2 - 2*f - 1. Let c be (213/9)/(53/18 - 3). Let q = -422 - c. Calculate b(q).
7
Suppose -3*q = 20*q - 920. Suppose 17*s + 96 = -q. Let g(c) = c + 12. What is g(s)?
4
Let z(w) = w**3 - 6*w**2 + 6*w. Let x(k) = k - 6. Let g be x(14). Let v = g + -3. Let r be z(v). Let t(u) = u - 7. Calculate t(r).
-2
Let j(v) be the third derivative of 0*v + 1/24*v**4 + 0 - 1/2*v**3 - v**2. Suppose 167 = 24*h + 6 + 17. Calculate j(h).
3
Let p(i) = -i**2 + i + 3. Let u(d) = -2*d**2 + 17*d + 132. Let s(q) = -p(q) + u(q). Calculate s(-6).
-3
Let b = 7593 + -7598. Let f(v) = -v**2 - 15*v - 51. What is f(b)?
-1
Suppose -k + 2*k = 2. Let c(q) = -27*q**2 + 21*q - 99. Let o(x) = -7*x**2 + 5*x - 22. Let b(r) = 2*c(r) - 9*o(r). What is b(k)?
30
Let h(p) be the third derivative of p**6/120 - 3*p**5/20 - 23*p**4/24 + 13*p**3/6 - 23*p**2 + 1. Let c be h(11). Let y(o) = -2*o**2 + 1. What is y(c)?
-7
Suppose 5*t - 26 = 4*t. Suppose -3*h = 5*f - t, 3*h + 4*f - 37 = -12. Suppose -2*a - h*a + 36 = 0. Let n(z) = -z**3 + 3*z**2 + 5*z + 1. Give n(a).
5
Let h(r) be the third derivative of -r**4/8 - 7*r**3/6 + 26*r**2 + 7*r. What is h(-3)?
2
Suppose -41*p - 25 = -927. Let f(j) = -j**3 + 21*j**2 + 9*j + 289. What is f(p)?
3
Let z(n) = 8*n + 4. Let x(s) = -2*s - 1. Let b(a) = -5*x(a) - z(a). Suppose -63 = 7*d + 14*d. What is b(d)?
-5
Let a(c) = 7*c**2 + 15*c - 4. Let p be a(-3). Let v(w) = 4*w - 61. Calculate v(p).
-5
Let b(l) = l**2 - 15*l + 4. Let r be b(14). Let a(t) be the second derivative of t**4/12 + 4*t**3/3 - t**2 - 249*t. Calculate a(r).
18
Let o = 97 - 95. Let k(x) be the first derivative of -x - x**o + x**2 - 43 - 2*x**2. Give k(-1).
3
Suppose 5*o + 0*s + 29 = -s, 5*o - 5*s + 5 = 0. Let u = 930 - -6446. Let f(l) = 7375*l + 4 - u*l - 2. Determine f(o).
7
Let z(o) = -2*o**3 - 10*o**2 - 2*o + 1. Let j be z(-5). Let h(b) = -3*b + 3*b + 11 + j - 28 - 4*b. Give h(6).
-30
Let p(n) = 4*n**3 - n**2 - 2*n + 3. Let w(h) = 6*h**2 - 292*h - 398. Let z be w(50). Determine p(z).
27
Let b(x) be the third derivative of x**6/360 - x**5/120 + 11*x**4/12 + 9*x**3/2 + 45*x**2 + 2*x. Let a(u) be the first derivative of b(u). Give a(0).
22
Suppose -219*y + 220*y = -w - 9, 2*y = 4*w. Let p(b) = 14*b + 12. What is p(w)?
-30
Let t = 636 - 632. Let u be 1 - -10*t/(-20). Let l(h) = -20*h**2 + 9*h + 7. Let n(s) = 10*s**2 - 5*s - 4. Let b(y) = -3*l(y) - 5*n(y). What is b(u)?
11
Let m(l) = 20*l**2 + l - 1. Let g(d) = -7*d**3 - d**2 + 7*d + 7. Let u(k) = k**3 - k. Let a(s) = g(s) + 6*u(s). Let x be a(3). Let v = x - -27. Determine m(v).
20
Let k = -98 + 102. Suppose -3*g - g = k*i - 8, 3*g = -4*i + 5. Let u(t) = -20*t**3 + 1. Determine u(i).
21
Suppose -3*z = -0*z - 16 + 19. Let m(a) = 104*a**3 + a + 1. Determine m(z).
-104
Let b(c) = 14*c**3 - 24*c**2 + 24*c - 10. Let i(s) = 32*s**3 - 51*s**2 + 48*s - 20. Let t(h) = -7*b(h) + 3*i(h). Calculate t(5).
15
Let r(n) = 101*n**2 + 195*n - 28*n**2 - 24*n**2 - 21*n**2 - 1 - 15*n**2. What is r(-15)?
-1
Let y(c) = -2*c**2 + 23*c - 46. Suppose 4*t - 28 = 2*o, 31*t - 35*t - o = -34. What is y(t)?
10
Let w be 36/30*-5*1. Let l = w + 4. Let m(y) be the first derivative of y**2 - y + 1452. What is m(l)?
-5
Let s(o) = -21*o + 17. Let c(q) = 52*q - 44. Let h(y) = -5*c(y) - 12*s(y). Calculate h(2).
0
Let c be 1 - (1/6 - 600/144). Let j(f) = f - f**2 - 9 - 8*f**3 + 7*f**3 - 5 + 6 + c. Give j(0).
-3
Suppose -4*d = -2*y + 6, 5 + 6 = -y - 5*d. Let s(h) be the third derivative of 0*h**4 + 0 - 13*h**2 - 1/30*h**5 + 3*h + 1/6*h**3 + 13/120*h**6. What is s(y)?
-14
Let q be (-11 + (-564)/(-36))/16. Let t(o) be the third derivative of 1/60*o**5 + 11*o**2 + 0*o + o**3 + 0 + q*o**4. What is t(-6)?
0
Let v(k) be the second derivative of 1/12*k**4 + 5/6*k**3 - 1/2*k**2 + 30 + 2*k. Calculate v(-5).
-1
Let k(s) = -73*s - 217. Let v = -14798 - -14795. What is k(v)?
2
Let c(o) = -5*o - 1. Suppose 3*k - 33 = -3*r, 29*r - 56 = -5*k + 25*r. Suppose -k = -72*u + 69*u. What is c(u)?
-21
Let y(h) = -h**3 + 6*h**2 + 10*h + 7. Suppose j = -132 + 139. What is y(j)?
28
Let x(m) = -m**3 - 24*m**2 + 29*m + 96. Let g be ((-100)/(-14))/((-830)/2905). Calculate x(g).
-4
Suppose 282*b - 264*b = 198. Let y(c) = c**3 - 13*c**2 + 20*c + 27. Give y(b).
5
Let p(x) = x**2 + 5*x - 10*x**2 - 98*x + 83*x + 22 + 2*x**3. Give p(5).
-3
Let l(p) = p**2 + 2*p - 7. Let q(y) = 266*y - 330. Let t be q(4). Let s = 731 - t. Determine l(s).
-4
Let h(m) = 72*m**2 + m**3 - 58*m**2 - 2*m**3 - 18 - 32*m**2 + 13. Calculate h(-18).
-5
Let r(m) = -2*m + 2. Let q be 10/(-14) + ((-162)/63)/9. Let l(w) = -w**2 + 5*w. Let c be l(q). Calculate r(c).
14
Let f(p) = -11*p**2 - 38*p + 66. Let j(h) = -13*h**2 - 42*h + 67. Let i(z) = -6*f(z) + 5*j(z). Calculate i(-21).
2
Let m(g) be the second derivative of 2*g - 30 + 0*g**2 + 1/6*g**3. Determine m(1).
1
Let w(j) = -j + 2. Let h(q) = 3*q - 5. Let v(m) = 3*h(m) + 8*w(m). Let p(o) = -64*o + 901. Let l be p(14). Determine v(l).
6
Suppose -3*q + 6*h - 8 = 4*h, -3*q = 3*h + 3. Let u(t) = 2*t**2 + t - 6. Let m(o) = -o**2 - o + 5. Let y(b) = q*u(b) - 3*m(b). What is y(3)?
-9
Let x = -309 + 311. Let m(p) = -2 + 15 + 2 - p - p**x + 2*p + 3*p. Give m(7).
-6
Let g(j) = -j**3 + 3*j**2 - 1. Let y = -189 - -187. Let a be -5*(-4)/10 - (y + 1). Give g(a).
-1
Let h(u) be the first derivative of 7*u**2/2 - 11*u + 774. Give h(10).
59
Let t be 1/(12 + 428/(-36)). Let j(h) = -2*h**2 + 20*h - 6. Determine j(t).
12
Let w(t) = -2*t - 24*t + 2 - 23*t + 69*t - 37. Give w(2).
5
Let j(t) = t**3 - 17*t**2 - 40*t + 46. Let k be j(19). Let c(i) = -5 + k + i - 3. Give c(-2).
-2
Let q(j) = 2*j**2 + 3*j. Let c = 15 - 4. Let z(g) = g**2 + g. Let o(r) = c*z(r) - 6*q(r). What is o(-4)?
12
Let d = 3051 - 3048. Let c(o) = 0 + 7 - 10*o - 2 - 2. What is c(d)?
-27
Let r(a) = 8*a**2 + 2*a. Suppose 2*l + m = 6, -l - 2*l - 17 = -5*m. Suppose 5 = -q + 2*s - 0, -2*q + s = l. Determine r(q).
10
Let u(k) = -8*k + 4. Suppose 2*v - m + 25 + 37 = 0, 0 = 4*m + 8. Let d = 38 + v. Give u(d).
-44
Let a(d) = -17*d**3 - 48*d**2 - 50*d + 19. Let r(z) = 3*z**3 + 9*z**2 + 10*z - 4. Let c(j) = -2*a(j) - 11*r(j). Calculate c(5).
6
Let q(m) = m - 1. Let h = -29 - -55. Let f be 2/4*4 + -22. Let l = f + h. Determine q(l).
5
Let u be ((-85)/170 - 14/(-12))/8. Let a(w) be the sec